{"id":4508,"date":"2026-01-27T11:51:44","date_gmt":"2026-01-27T11:51:44","guid":{"rendered":"https:\/\/skutecznywniosek.pl\/new\/?page_id=4508"},"modified":"2026-02-10T12:35:03","modified_gmt":"2026-02-10T12:35:03","slug":"analityk-finansowy","status":"publish","type":"page","link":"https:\/\/skutecznywniosek.pl\/new\/analityk-finansowy\/","title":{"rendered":"Og\u0142oszenie &#8211; Analityk finansowy"},"content":{"rendered":"\t\t<div data-elementor-type=\"wp-page\" data-elementor-id=\"4508\" class=\"elementor elementor-4508\">\n\t\t\t\t\t\t<section class=\"elementor-section elementor-top-section elementor-element elementor-element-c689549 elementor-section-boxed elementor-section-height-default elementor-section-height-default\" data-id=\"c689549\" data-element_type=\"section\">\n\t\t\t\t\t\t<div class=\"elementor-container elementor-column-gap-default\">\n\t\t\t\t\t<div class=\"elementor-column elementor-col-50 elementor-top-column elementor-element elementor-element-25f9090\" data-id=\"25f9090\" data-element_type=\"column\">\n\t\t\t<div class=\"elementor-widget-wrap elementor-element-populated\">\n\t\t\t\t\t\t<div class=\"elementor-element elementor-element-6e23431 elementor-widget elementor-widget-heading\" data-id=\"6e23431\" data-element_type=\"widget\" data-widget_type=\"heading.default\">\n\t\t\t\t\t<h2 class=\"elementor-heading-title elementor-size-default\">Specjalista ds. wniosk\u00f3w o dotacje<\/h2>\t\t\t\t<\/div>\n\t\t\t\t<div class=\"elementor-element elementor-element-df3eced elementor-widget elementor-widget-text-editor\" data-id=\"df3eced\" data-element_type=\"widget\" data-widget_type=\"text-editor.default\">\n\t\t\t\t\t\t\t\t\t<h5><strong>O nas<\/strong><\/h5><p>Wspieramy klient\u00f3w w skutecznym pozyskiwaniu dotacji na start dzia\u0142alno\u015bci gospodarczej. Kluczowym elementem naszych us\u0142ug s\u0105 rzetelne analizy finansowe oraz biznesplany spe\u0142niaj\u0105ce wymagania Urz\u0119d\u00f3w Pracy. Pracujemy zespo\u0142owo, \u0142\u0105cz\u0105c wiedz\u0119 analityczn\u0105, formaln\u0105 i praktyczne do\u015bwiadczenie rynkowe.<\/p>\t\t\t\t\t\t\t\t<\/div>\n\t\t\t\t<div class=\"elementor-element elementor-element-5087cac elementor-widget elementor-widget-text-editor\" data-id=\"5087cac\" data-element_type=\"widget\" data-widget_type=\"text-editor.default\">\n\t\t\t\t\t\t\t\t\t<h5>Zakres obowi\u0105zk\u00f3w<\/h5><ul><li>przygotowywanie analiz finansowych do wniosk\u00f3w o dotacje,<\/li><li>opracowywanie prognoz przychod\u00f3w i koszt\u00f3w,<\/li><li>tworzenie cz\u0119\u015bci finansowej biznesplan\u00f3w,<\/li><li>doradztwo klientom w zakresie planowania wydatk\u00f3w z dotacji,<\/li><li>wsp\u00f3\u0142praca z zespo\u0142em ds. wniosk\u00f3w przy kompletowaniu dokumentacji.<\/li><\/ul><h5><br \/>Wymagania<\/h5><ul><li>umiej\u0119tno\u015b\u0107 analizy danych finansowych i logicznego my\u015blenia,<\/li><li>do\u015bwiadczenie w pracy z arkuszami kalkulacyjnymi,<\/li><li>znajomo\u015b\u0107 podstaw rachunkowo\u015bci i finans\u00f3w,<\/li><li>dok\u0142adno\u015b\u0107, samodzielno\u015b\u0107 i odpowiedzialno\u015b\u0107,<\/li><li>mile widziane do\u015bwiadczenie przy biznesplanach lub dotacjach.<\/li><\/ul><h5><br \/>Oferujemy<\/h5><ul><li>udzia\u0142 w projektach realnie ocenianych przez urz\u0119dy,<\/li><li>jasno okre\u015blony zakres obowi\u0105zk\u00f3w,<\/li><li>elastyczne godziny pracy,<\/li><li>prac\u0119 zdaln\u0105,<\/li><li>rozw\u00f3j kompetencji analitycznych i biznesowych.<\/li><\/ul>\t\t\t\t\t\t\t\t<\/div>\n\t\t\t\t<div class=\"elementor-element elementor-element-a9e2441 elementor-widget elementor-widget-text-editor\" data-id=\"a9e2441\" data-element_type=\"widget\" data-widget_type=\"text-editor.default\">\n\t\t\t\t\t\t\t\t\t<h5>Informacje dodatkowe:<\/h5><p><strong>Lokalizacja:<\/strong> zdalnie <br \/><strong>Poziom:<\/strong> specjalista \/ junior<br \/><strong>Forma wsp\u00f3\u0142pracy:<\/strong> B2B \/ zlecenie<br \/><strong>Wynagrodzenie:<\/strong> do ustalenia<br \/><strong>Termin aplikacji:<\/strong> otwarty<\/p>\t\t\t\t\t\t\t\t<\/div>\n\t\t\t\t\t<\/div>\n\t\t<\/div>\n\t\t\t\t<div class=\"elementor-column elementor-col-50 elementor-top-column elementor-element elementor-element-1ddd1e6\" data-id=\"1ddd1e6\" data-element_type=\"column\">\n\t\t\t<div class=\"elementor-widget-wrap elementor-element-populated\">\n\t\t\t\t\t\t<section class=\"elementor-section elementor-inner-section elementor-element elementor-element-ce610fd elementor-section-boxed elementor-section-height-default elementor-section-height-default\" data-id=\"ce610fd\" data-element_type=\"section\">\n\t\t\t\t\t\t<div class=\"elementor-container elementor-column-gap-default\">\n\t\t\t\t\t<div class=\"elementor-column elementor-col-100 elementor-inner-column elementor-element elementor-element-60a192c\" data-id=\"60a192c\" data-element_type=\"column\">\n\t\t\t<div class=\"elementor-widget-wrap elementor-element-populated\">\n\t\t\t\t\t\t<div class=\"elementor-element elementor-element-d5b5de6 elementor-position-inline-start elementor-view-default elementor-mobile-position-block-start elementor-widget elementor-widget-icon-box\" data-id=\"d5b5de6\" data-element_type=\"widget\" data-widget_type=\"icon-box.default\">\n\t\t\t\t\t\t\t<div class=\"elementor-icon-box-wrapper\">\n\n\t\t\t\t\t\t<div class=\"elementor-icon-box-icon\">\n\t\t\t\t<span  class=\"elementor-icon\">\n\t\t\t\t<i aria-hidden=\"true\" class=\"flaticon flaticon-calendar\"><\/i>\t\t\t\t<\/span>\n\t\t\t<\/div>\n\t\t\t\n\t\t\t\t\t\t<div class=\"elementor-icon-box-content\">\n\n\t\t\t\t\t\t\t\t\t<h5 class=\"elementor-icon-box-title\">\n\t\t\t\t\t\t<span  >\n\t\t\t\t\t\t\tStart \t\t\t\t\t\t<\/span>\n\t\t\t\t\t<\/h5>\n\t\t\t\t\n\t\t\t\t\t\t\t\t\t<p class=\"elementor-icon-box-description\">\n\t\t\t\t\t\t1 luty 2026\t\t\t\t\t<\/p>\n\t\t\t\t\n\t\t\t<\/div>\n\t\t\t\n\t\t<\/div>\n\t\t\t\t\t\t<\/div>\n\t\t\t\t<div class=\"elementor-element elementor-element-2798918 elementor-position-inline-start elementor-view-default elementor-mobile-position-block-start elementor-widget elementor-widget-icon-box\" data-id=\"2798918\" data-element_type=\"widget\" data-widget_type=\"icon-box.default\">\n\t\t\t\t\t\t\t<div class=\"elementor-icon-box-wrapper\">\n\n\t\t\t\t\t\t<div class=\"elementor-icon-box-icon\">\n\t\t\t\t<span  class=\"elementor-icon\">\n\t\t\t\t<i aria-hidden=\"true\" class=\"flaticon flaticon-repeat\"><\/i>\t\t\t\t<\/span>\n\t\t\t<\/div>\n\t\t\t\n\t\t\t\t\t\t<div class=\"elementor-icon-box-content\">\n\n\t\t\t\t\t\t\t\t\t<h5 class=\"elementor-icon-box-title\">\n\t\t\t\t\t\t<span  >\n\t\t\t\t\t\t\tZako\u0144czenie\t\t\t\t\t\t<\/span>\n\t\t\t\t\t<\/h5>\n\t\t\t\t\n\t\t\t\t\t\t\t\t\t<p class=\"elementor-icon-box-description\">\n\t\t\t\t\t\tMarzec 2026\t\t\t\t\t<\/p>\n\t\t\t\t\n\t\t\t<\/div>\n\t\t\t\n\t\t<\/div>\n\t\t\t\t\t\t<\/div>\n\t\t\t\t<div class=\"elementor-element elementor-element-63a3c20 elementor-position-inline-start elementor-view-default elementor-mobile-position-block-start elementor-widget elementor-widget-icon-box\" data-id=\"63a3c20\" data-element_type=\"widget\" data-widget_type=\"icon-box.default\">\n\t\t\t\t\t\t\t<div class=\"elementor-icon-box-wrapper\">\n\n\t\t\t\t\t\t<div class=\"elementor-icon-box-icon\">\n\t\t\t\t<span  class=\"elementor-icon\">\n\t\t\t\t<i aria-hidden=\"true\" class=\"flaticon flaticon-placeholder\"><\/i>\t\t\t\t<\/span>\n\t\t\t<\/div>\n\t\t\t\n\t\t\t\t\t\t<div class=\"elementor-icon-box-content\">\n\n\t\t\t\t\t\t\t\t\t<h5 class=\"elementor-icon-box-title\">\n\t\t\t\t\t\t<span  >\n\t\t\t\t\t\t\tLokalizacja\t\t\t\t\t\t<\/span>\n\t\t\t\t\t<\/h5>\n\t\t\t\t\n\t\t\t\t\t\t\t\t\t<p class=\"elementor-icon-box-description\">\n\t\t\t\t\t\tZdalna praca\t\t\t\t\t<\/p>\n\t\t\t\t\n\t\t\t<\/div>\n\t\t\t\n\t\t<\/div>\n\t\t\t\t\t\t<\/div>\n\t\t\t\t<div class=\"elementor-element elementor-element-5afe8b5 elementor-mobile-align-center elementor-widget elementor-widget-button\" data-id=\"5afe8b5\" data-element_type=\"widget\" data-widget_type=\"button.default\">\n\t\t\t\t\t\t\t\t\t\t<a class=\"elementor-button elementor-button-link elementor-size-sm\" href=\"https:\/\/skutecznywniosek.pl\/new\/index.php\/kontakt\/\">\n\t\t\t\t\t\t<span class=\"elementor-button-content-wrapper\">\n\t\t\t\t\t\t\t\t\t<span class=\"elementor-button-text\">Aplikuj teraz<\/span>\n\t\t\t\t\t<\/span>\n\t\t\t\t\t<\/a>\n\t\t\t\t\t\t\t\t<\/div>\n\t\t\t\t\t<\/div>\n\t\t<\/div>\n\t\t\t\t\t<\/div>\n\t\t<\/section>\n\t\t\t\t\t<\/div>\n\t\t<\/div>\n\t\t\t\t\t<\/div>\n\t\t<\/section>\n\t\t\t\t<\/div>\n\t\t","protected":false},"excerpt":{"rendered":"<p>Specjalista ds. wniosk\u00f3w o dotacje O nas Wspieramy klient\u00f3w w skutecznym pozyskiwaniu dotacji na start dzia\u0142alno\u015bci gospodarczej. Kluczowym elementem naszych us\u0142ug s\u0105 rzetelne analizy finansowe oraz biznesplany spe\u0142niaj\u0105ce wymagania Urz\u0119d\u00f3w Pracy. Pracujemy zespo\u0142owo, \u0142\u0105cz\u0105c wiedz\u0119 analityczn\u0105, formaln\u0105 i praktyczne do\u015bwiadczenie rynkowe. Zakres obowi\u0105zk\u00f3w przygotowywanie analiz finansowych do wniosk\u00f3w o dotacje, opracowywanie prognoz przychod\u00f3w i koszt\u00f3w, [&hellip;]<\/p>\n","protected":false},"author":1,"featured_media":0,"parent":0,"menu_order":0,"comment_status":"closed","ping_status":"closed","template":"page-templates\/template-default.php","meta":{"footnotes":""},"class_list":["post-4508","page","type-page","status-publish","hentry"],"_links":{"self":[{"href":"https:\/\/skutecznywniosek.pl\/new\/wp-json\/wp\/v2\/pages\/4508","targetHints":{"allow":["GET"]}}],"collection":[{"href":"https:\/\/skutecznywniosek.pl\/new\/wp-json\/wp\/v2\/pages"}],"about":[{"href":"https:\/\/skutecznywniosek.pl\/new\/wp-json\/wp\/v2\/types\/page"}],"author":[{"embeddable":true,"href":"https:\/\/skutecznywniosek.pl\/new\/wp-json\/wp\/v2\/users\/1"}],"replies":[{"embeddable":true,"href":"https:\/\/skutecznywniosek.pl\/new\/wp-json\/wp\/v2\/comments?post=4508"}],"version-history":[{"count":7,"href":"https:\/\/skutecznywniosek.pl\/new\/wp-json\/wp\/v2\/pages\/4508\/revisions"}],"predecessor-version":[{"id":4935,"href":"https:\/\/skutecznywniosek.pl\/new\/wp-json\/wp\/v2\/pages\/4508\/revisions\/4935"}],"wp:attachment":[{"href":"https:\/\/skutecznywniosek.pl\/new\/wp-json\/wp\/v2\/media?parent=4508"}],"curies":[{"name":"wp","href":"https:\/\/api.w.org\/{rel}","templated":true}]}}