{"id":4275,"date":"2026-01-21T13:33:00","date_gmt":"2026-01-21T13:33:00","guid":{"rendered":"https:\/\/skutecznywniosek.pl\/new\/?page_id=4275"},"modified":"2026-02-10T14:02:52","modified_gmt":"2026-02-10T14:02:52","slug":"przykladowe-wnioski","status":"publish","type":"page","link":"https:\/\/skutecznywniosek.pl\/new\/przykladowe-wnioski\/","title":{"rendered":"Przyk\u0142adowe wnioski"},"content":{"rendered":"\t\t<div data-elementor-type=\"wp-page\" data-elementor-id=\"4275\" class=\"elementor elementor-4275\">\n\t\t\t\t\t\t<section class=\"elementor-section elementor-top-section elementor-element elementor-element-78487dc elementor-section-boxed elementor-section-height-default elementor-section-height-default\" data-id=\"78487dc\" data-element_type=\"section\">\n\t\t\t\t\t\t<div class=\"elementor-container elementor-column-gap-default\">\n\t\t\t\t\t<div class=\"elementor-column elementor-col-100 elementor-top-column elementor-element elementor-element-6b5f12c\" data-id=\"6b5f12c\" data-element_type=\"column\">\n\t\t\t<div class=\"elementor-widget-wrap\">\n\t\t\t\t\t\t\t<\/div>\n\t\t<\/div>\n\t\t\t\t\t<\/div>\n\t\t<\/section>\n\t\t\t\t<section class=\"elementor-section elementor-top-section elementor-element elementor-element-76499ec elementor-section-content-middle contact-four elementor-section-boxed elementor-section-height-default elementor-section-height-default\" data-id=\"76499ec\" data-element_type=\"section\">\n\t\t\t\t\t\t<div class=\"elementor-container elementor-column-gap-default\">\n\t\t\t\t\t<div class=\"elementor-column elementor-col-100 elementor-top-column elementor-element elementor-element-f34df7f\" data-id=\"f34df7f\" data-element_type=\"column\">\n\t\t\t<div class=\"elementor-widget-wrap elementor-element-populated\">\n\t\t\t\t\t\t<section class=\"elementor-section elementor-inner-section elementor-element elementor-element-b1def02 style-three elementor-section-boxed elementor-section-height-default elementor-section-height-default\" data-id=\"b1def02\" data-element_type=\"section\">\n\t\t\t\t\t\t<div class=\"elementor-container elementor-column-gap-default\">\n\t\t\t\t\t<div class=\"elementor-column elementor-col-100 elementor-inner-column elementor-element elementor-element-4a402e1\" data-id=\"4a402e1\" data-element_type=\"column\">\n\t\t\t<div class=\"elementor-widget-wrap elementor-element-populated\">\n\t\t\t\t\t\t<div class=\"elementor-element elementor-element-14d217d title-two elementor-widget elementor-widget-sectiontitle\" data-id=\"14d217d\" data-element_type=\"widget\" data-widget_type=\"sectiontitle.default\">\n\t\t\t\t<div class=\"elementor-widget-container\">\n\t\t\t\t\t\r\n\t\t\t\t<div class=\"\">\r\n\r\n\t\t\t<div class=\"section-title t_center\">\r\n                 \r\n                        <h5>NASZE PRACE<\/h5>\r\n                \t\t\t\t\r\n\t\t\t\t \t\t\t\t\r\n\t\t\t\t  \r\n                       <h2>Przyk\u0142adowe Wnioski do PUP<span><\/span><\/h2>\r\n                \t\t\t\t\r\n                \t\t\t\t\r\n\r\n\t\t\t\t\r\n\t\t\t<\/div>\t\r\n\r\n\t\t<\/div>\r\n\r\n\t\t\r\n\t\t\t\t\t\t<\/div>\n\t\t\t\t<\/div>\n\t\t\t\t\t<\/div>\n\t\t<\/div>\n\t\t\t\t\t<\/div>\n\t\t<\/section>\n\t\t\t\t<section class=\"elementor-section elementor-inner-section elementor-element elementor-element-4ff6482 elementor-section-boxed elementor-section-height-default elementor-section-height-default\" data-id=\"4ff6482\" data-element_type=\"section\">\n\t\t\t\t\t\t<div class=\"elementor-container elementor-column-gap-default\">\n\t\t\t\t\t<div class=\"elementor-column elementor-col-33 elementor-inner-column elementor-element elementor-element-192a4e8\" data-id=\"192a4e8\" data-element_type=\"column\">\n\t\t\t<div class=\"elementor-widget-wrap elementor-element-populated\">\n\t\t\t\t\t\t<div class=\"elementor-element elementor-element-a4ef35e elementor-widget elementor-widget-service\" data-id=\"a4ef35e\" data-element_type=\"widget\" data-widget_type=\"service.default\">\n\t\t\t\t<div class=\"elementor-widget-container\">\n\t\t\t\t\t\r\n\t\t\r\n\t\t\t\t<div class=\"service-box style-five\">\r\n\t\t\t\t<div class=\"service-box-thumb\">\r\n\t\t\t\t\t<img decoding=\"async\" src=\"https:\/\/skutecznywniosek.pl\/new\/wp-content\/uploads\/2026\/02\/wniosek_naprawa_zjezdzalni-1.png\" alt=\"\">\r\n\t\t\t\t<\/div>\t\r\n\t\t\t\t<div class=\"service-top-text\">\r\n\t\t\t\t\t\t\t\r\n\t\t\t\t\t\t\t\t\t\t\t\t\t\t<div class=\"service-box-icon\">\r\n\t\t\t\t\t\t\t\t<i class=\"\"><\/i>\r\n\t\t\t\t\t\t\t<\/div>\r\n\t\t\t\t\t\t\t\t\t\t\t\t\t\t\r\n\t\t\t\t\t\t<\/div>\r\n\t\t\t\t\t<div class=\"em_service_content\">\r\n\t\t\t\t\t\t<div class=\"service-number\">\r\n\t\t\t\t\t\t\t<span class=\"service-box-number\"><\/span>\r\n\t\t\t\t\t\t<\/div>\r\n\t\t\t\t\t\t\r\n\t\t\t\t\t\t<div class=\"service_box_text\">\t\r\n\t\t\t\t\t\t\t\t<div class=\"service-box-title\" >\r\n\t\t\t\t\t\t\t\t\t<h2>Serwis zje\u017cdzalni<\/h2>\r\n\t\t\t\t\t\t\t\t<\/div>\r\n\r\n\t\t\t\t\t\t\t<div class=\"service-box-inner\">\t\t\t\t\r\n\t\t\t\t\t\t\t\t<div class=\"service-box-desc\" >\r\n\t\t\t\t\t\t\t\t\t<p>Przyk\u0142adowy wniosek stworzony przez nasz zesp\u00f3\u0142 do PUP Wroc\u0142aw.<\/p>\r\n\t\t\t\t\t\t\t\t<\/div>\t\t\t\t\t\t\r\n\t\t\t\t\t\t\t<\/div>\r\n\t\t\t\t\t\t\t\r\n\t\t\t\t\t\t\t\t\t\t\t\t\t\t<div class=\"service-btn\">\r\n\t\t\t\t\t\t\t\t<a href=\"https:\/\/skutecznywniosek.pl\/new\/WNIOSKI\/Przyk\u0142adowy%20Wniosek_Wroc\u0142aw_BASENY_SW.pdf\">\r\n\t\t\t\t\t\t\t\t\tPoka\u017c wniosek\t\t\t\t\t\t\t\t\t<i class=\"flaticon flaticon-right-arrow restly-flaticon\"><\/i>\r\n\t\t\t\t\t\t\t\t<\/a>\r\n\t\t\t\t\t\t\t<\/div><!-- .service-btn\t-->\r\n\t\t\t\t\t\t\t\t\t\t\t\t\t<\/div>\r\n\t\t\t\t\t<\/div>\r\n\t\t\t\t<\/div>\r\n\r\n\t\t\t\t\t\t<\/div>\n\t\t\t\t<\/div>\n\t\t\t\t\t<\/div>\n\t\t<\/div>\n\t\t\t\t<div class=\"elementor-column elementor-col-33 elementor-inner-column elementor-element elementor-element-25b30d3\" data-id=\"25b30d3\" data-element_type=\"column\">\n\t\t\t<div class=\"elementor-widget-wrap elementor-element-populated\">\n\t\t\t\t\t\t<div class=\"elementor-element elementor-element-4804759 elementor-widget elementor-widget-service\" data-id=\"4804759\" data-element_type=\"widget\" data-widget_type=\"service.default\">\n\t\t\t\t<div class=\"elementor-widget-container\">\n\t\t\t\t\t\r\n\t\t\r\n\t\t\t\t<div class=\"service-box style-five\">\r\n\t\t\t\t<div class=\"service-box-thumb\">\r\n\t\t\t\t\t<img decoding=\"async\" src=\"https:\/\/skutecznywniosek.pl\/new\/wp-content\/uploads\/2026\/02\/wniosek_weterynarz-1.png\" alt=\"\">\r\n\t\t\t\t<\/div>\t\r\n\t\t\t\t<div class=\"service-top-text\">\r\n\t\t\t\t\t\t\t\r\n\t\t\t\t\t\t\t\t\t\t\t\t\t\t<div class=\"service-box-icon\">\r\n\t\t\t\t\t\t\t\t<i class=\"\"><\/i>\r\n\t\t\t\t\t\t\t<\/div>\r\n\t\t\t\t\t\t\t\t\t\t\t\t\t\t\r\n\t\t\t\t\t\t<\/div>\r\n\t\t\t\t\t<div class=\"em_service_content\">\r\n\t\t\t\t\t\t<div class=\"service-number\">\r\n\t\t\t\t\t\t\t<span class=\"service-box-number\"><\/span>\r\n\t\t\t\t\t\t<\/div>\r\n\t\t\t\t\t\t\r\n\t\t\t\t\t\t<div class=\"service_box_text\">\t\r\n\t\t\t\t\t\t\t\t<div class=\"service-box-title\" >\r\n\t\t\t\t\t\t\t\t\t<h2>Us\u0142ugi weterynaryjne<\/h2>\r\n\t\t\t\t\t\t\t\t<\/div>\r\n\r\n\t\t\t\t\t\t\t<div class=\"service-box-inner\">\t\t\t\t\r\n\t\t\t\t\t\t\t\t<div class=\"service-box-desc\" >\r\n\t\t\t\t\t\t\t\t\t<p>Przyk\u0142adowy wniosek stworzony przez nasz zesp\u00f3\u0142 do PUP Pozna\u0144.<\/p>\r\n\t\t\t\t\t\t\t\t<\/div>\t\t\t\t\t\t\r\n\t\t\t\t\t\t\t<\/div>\r\n\t\t\t\t\t\t\t\r\n\t\t\t\t\t\t\t\t\t\t\t\t\t\t<div class=\"service-btn\">\r\n\t\t\t\t\t\t\t\t<a href=\"https:\/\/skutecznywniosek.pl\/new\/WNIOSKI\/Przyk\u0142adowy%20Wniosek%20Pozma\u0144_plan_WETERYNARZ_SW.pdf\">\r\n\t\t\t\t\t\t\t\t\tPoka\u017c wniosek\t\t\t\t\t\t\t\t\t<i class=\"flaticon flaticon-right-arrow restly-flaticon\"><\/i>\r\n\t\t\t\t\t\t\t\t<\/a>\r\n\t\t\t\t\t\t\t<\/div><!-- .service-btn\t-->\r\n\t\t\t\t\t\t\t\t\t\t\t\t\t<\/div>\r\n\t\t\t\t\t<\/div>\r\n\t\t\t\t<\/div>\r\n\r\n\t\t\t\t\t\t<\/div>\n\t\t\t\t<\/div>\n\t\t\t\t\t<\/div>\n\t\t<\/div>\n\t\t\t\t<div class=\"elementor-column elementor-col-33 elementor-inner-column elementor-element elementor-element-c307ff5\" data-id=\"c307ff5\" data-element_type=\"column\">\n\t\t\t<div class=\"elementor-widget-wrap elementor-element-populated\">\n\t\t\t\t\t\t<div class=\"elementor-element elementor-element-74b193f elementor-widget elementor-widget-service\" data-id=\"74b193f\" data-element_type=\"widget\" data-widget_type=\"service.default\">\n\t\t\t\t<div class=\"elementor-widget-container\">\n\t\t\t\t\t\r\n\t\t\r\n\t\t\t\t<div class=\"service-box style-five\">\r\n\t\t\t\t<div class=\"service-box-thumb\">\r\n\t\t\t\t\t<img decoding=\"async\" src=\"https:\/\/skutecznywniosek.pl\/new\/wp-content\/uploads\/2026\/02\/wniosek_dentysta-1.png\" alt=\"\">\r\n\t\t\t\t<\/div>\t\r\n\t\t\t\t<div class=\"service-top-text\">\r\n\t\t\t\t\t\t\t\r\n\t\t\t\t\t\t\t\t\t\t\t\t\t\t<div class=\"service-box-icon\">\r\n\t\t\t\t\t\t\t\t<i class=\"\"><\/i>\r\n\t\t\t\t\t\t\t<\/div>\r\n\t\t\t\t\t\t\t\t\t\t\t\t\t\t\r\n\t\t\t\t\t\t<\/div>\r\n\t\t\t\t\t<div class=\"em_service_content\">\r\n\t\t\t\t\t\t<div class=\"service-number\">\r\n\t\t\t\t\t\t\t<span class=\"service-box-number\"><\/span>\r\n\t\t\t\t\t\t<\/div>\r\n\t\t\t\t\t\t\r\n\t\t\t\t\t\t<div class=\"service_box_text\">\t\r\n\t\t\t\t\t\t\t\t<div class=\"service-box-title\" >\r\n\t\t\t\t\t\t\t\t\t<h2>Us\u0142ugi stomatologiczne<\/h2>\r\n\t\t\t\t\t\t\t\t<\/div>\r\n\r\n\t\t\t\t\t\t\t<div class=\"service-box-inner\">\t\t\t\t\r\n\t\t\t\t\t\t\t\t<div class=\"service-box-desc\" >\r\n\t\t\t\t\t\t\t\t\t<p>Przyk\u0142adowy wniosek stworzony przez nasz zesp\u00f3\u0142 do PUP Miko\u0142\u00f3w.<\/p>\r\n\t\t\t\t\t\t\t\t<\/div>\t\t\t\t\t\t\r\n\t\t\t\t\t\t\t<\/div>\r\n\t\t\t\t\t\t\t\r\n\t\t\t\t\t\t\t\t\t\t\t\t\t\t<div class=\"service-btn\">\r\n\t\t\t\t\t\t\t\t<a href=\"https:\/\/skutecznywniosek.pl\/new\/WNIOSKI\/Przyk\u0142adowy%20Biznesplan%20Miko\u0142\u00f3w_SW.pdf\">\r\n\t\t\t\t\t\t\t\t\tPoka\u017c wniosek\t\t\t\t\t\t\t\t\t<i class=\"flaticon flaticon-right-arrow restly-flaticon\"><\/i>\r\n\t\t\t\t\t\t\t\t<\/a>\r\n\t\t\t\t\t\t\t<\/div><!-- .service-btn\t-->\r\n\t\t\t\t\t\t\t\t\t\t\t\t\t<\/div>\r\n\t\t\t\t\t<\/div>\r\n\t\t\t\t<\/div>\r\n\r\n\t\t\t\t\t\t<\/div>\n\t\t\t\t<\/div>\n\t\t\t\t\t<\/div>\n\t\t<\/div>\n\t\t\t\t\t<\/div>\n\t\t<\/section>\n\t\t\t\t\t<\/div>\n\t\t<\/div>\n\t\t\t\t\t<\/div>\n\t\t<\/section>\n\t\t\t\t<\/div>\n\t\t","protected":false},"excerpt":{"rendered":"<p>NASZE PRACE Przyk\u0142adowe Wnioski do PUP Serwis zje\u017cdzalni Przyk\u0142adowy wniosek stworzony przez nasz zesp\u00f3\u0142 do PUP Wroc\u0142aw. Poka\u017c wniosek Us\u0142ugi weterynaryjne Przyk\u0142adowy wniosek stworzony przez nasz zesp\u00f3\u0142 do PUP Pozna\u0144. Poka\u017c wniosek Us\u0142ugi stomatologiczne Przyk\u0142adowy wniosek stworzony przez nasz zesp\u00f3\u0142 do PUP Miko\u0142\u00f3w. Poka\u017c wniosek<\/p>\n","protected":false},"author":1,"featured_media":0,"parent":0,"menu_order":0,"comment_status":"closed","ping_status":"closed","template":"page-templates\/template-default.php","meta":{"footnotes":""},"class_list":["post-4275","page","type-page","status-publish","hentry"],"_links":{"self":[{"href":"https:\/\/skutecznywniosek.pl\/new\/wp-json\/wp\/v2\/pages\/4275","targetHints":{"allow":["GET"]}}],"collection":[{"href":"https:\/\/skutecznywniosek.pl\/new\/wp-json\/wp\/v2\/pages"}],"about":[{"href":"https:\/\/skutecznywniosek.pl\/new\/wp-json\/wp\/v2\/types\/page"}],"author":[{"embeddable":true,"href":"https:\/\/skutecznywniosek.pl\/new\/wp-json\/wp\/v2\/users\/1"}],"replies":[{"embeddable":true,"href":"https:\/\/skutecznywniosek.pl\/new\/wp-json\/wp\/v2\/comments?post=4275"}],"version-history":[{"count":26,"href":"https:\/\/skutecznywniosek.pl\/new\/wp-json\/wp\/v2\/pages\/4275\/revisions"}],"predecessor-version":[{"id":4960,"href":"https:\/\/skutecznywniosek.pl\/new\/wp-json\/wp\/v2\/pages\/4275\/revisions\/4960"}],"wp:attachment":[{"href":"https:\/\/skutecznywniosek.pl\/new\/wp-json\/wp\/v2\/media?parent=4275"}],"curies":[{"name":"wp","href":"https:\/\/api.w.org\/{rel}","templated":true}]}}