{"id":4268,"date":"2026-01-21T13:30:34","date_gmt":"2026-01-21T13:30:34","guid":{"rendered":"https:\/\/skutecznywniosek.pl\/new\/?page_id=4268"},"modified":"2026-02-03T11:47:43","modified_gmt":"2026-02-03T11:47:43","slug":"klienci-o-nas","status":"publish","type":"page","link":"https:\/\/skutecznywniosek.pl\/new\/klienci-o-nas\/","title":{"rendered":"Klienci o nas"},"content":{"rendered":"\t\t<div data-elementor-type=\"wp-page\" data-elementor-id=\"4268\" class=\"elementor elementor-4268\">\n\t\t\t\t\t\t<section class=\"elementor-section elementor-top-section elementor-element elementor-element-78487dc elementor-section-boxed elementor-section-height-default elementor-section-height-default\" data-id=\"78487dc\" data-element_type=\"section\">\n\t\t\t\t\t\t<div class=\"elementor-container elementor-column-gap-default\">\n\t\t\t\t\t<div class=\"elementor-column elementor-col-100 elementor-top-column elementor-element elementor-element-6b5f12c\" data-id=\"6b5f12c\" data-element_type=\"column\">\n\t\t\t<div class=\"elementor-widget-wrap\">\n\t\t\t\t\t\t\t<\/div>\n\t\t<\/div>\n\t\t\t\t\t<\/div>\n\t\t<\/section>\n\t\t\t\t<section class=\"elementor-section elementor-top-section elementor-element elementor-element-76499ec elementor-section-content-middle contact-four elementor-section-boxed elementor-section-height-default elementor-section-height-default\" data-id=\"76499ec\" data-element_type=\"section\">\n\t\t\t\t\t\t<div class=\"elementor-container elementor-column-gap-default\">\n\t\t\t\t\t<div class=\"elementor-column elementor-col-100 elementor-top-column elementor-element elementor-element-f758ef7\" data-id=\"f758ef7\" data-element_type=\"column\">\n\t\t\t<div class=\"elementor-widget-wrap elementor-element-populated\">\n\t\t\t\t\t\t<section class=\"elementor-section elementor-inner-section elementor-element elementor-element-a071a64 elementor-section-boxed elementor-section-height-default elementor-section-height-default\" data-id=\"a071a64\" data-element_type=\"section\">\n\t\t\t\t\t\t<div class=\"elementor-container elementor-column-gap-default\">\n\t\t\t\t\t<div class=\"elementor-column elementor-col-100 elementor-inner-column elementor-element elementor-element-6281cc6\" data-id=\"6281cc6\" data-element_type=\"column\">\n\t\t\t<div class=\"elementor-widget-wrap elementor-element-populated\">\n\t\t\t\t\t\t<div class=\"elementor-element elementor-element-e4d2604 elementor-widget elementor-widget-sectiontitle\" data-id=\"e4d2604\" data-element_type=\"widget\" data-widget_type=\"sectiontitle.default\">\n\t\t\t\t<div class=\"elementor-widget-container\">\n\t\t\t\t\t\r\n\t\t\t\t<div class=\"\">\r\n\r\n\t\t\t<div class=\"section-title t_center\">\r\n                \t\t\t\t\r\n\t\t\t\t \t\t\t\t\r\n\t\t\t\t  \r\n                       <h2>Co m\u00f3wi\u0105 o nas klienci?<span><\/span><\/h2>\r\n                \t\t\t\t\r\n                 \r\n                        <p>Zobacz, jak wygl\u0105da\u0142a wsp\u00f3\u0142praca z osobami, kt\u00f3re dzi\u0119ki naszej pomocy uzyska\u0142y dotacj\u0119 z Urz\u0119du Pracy.<\/p>\r\n                \t\t\t\t\r\n\r\n\t\t\t\t\r\n\t\t\t<\/div>\t\r\n\r\n\t\t<\/div>\r\n\r\n\t\t\r\n\t\t\t\t\t\t<\/div>\n\t\t\t\t<\/div>\n\t\t\t\t\t<\/div>\n\t\t<\/div>\n\t\t\t\t\t<\/div>\n\t\t<\/section>\n\t\t\t\t<div class=\"elementor-element elementor-element-11d4eb2 elementor-widget elementor-widget-testimonial\" data-id=\"11d4eb2\" data-element_type=\"widget\" data-widget_type=\"testimonial.default\">\n\t\t\t\t<div class=\"elementor-widget-container\">\n\t\t\t\t\t\t\t\n\n\n\n\t\t\n\t\t\t<div class=\"testimonial_list owl-carousel owl-loaded curosel-style owl-loaded owl-drag testimonial-style-three\">\n\n\t\t\t\t\t\t\t\t<div class=\"col-md-12\">\t\n\n\t\t\t\t\t<div class=\"single_testimonial\">\n\t\t\t\t\t\t\t\t\t\t\t\t\t\n\t\t\t\t\t\t\n\t\t\t\t\t\t\t\t\t\t\t\t\t\n\t\t\t\t\t\t<div class=\"testi_content\">\n\t\t\t\t\t\t\t<div class=\"em_testi_text\">\n\t\t\t\t\t\t\t\tNa pocz\u0105tku bardzo obawia\u0142am si\u0119 ca\u0142ego procesu \u2013 nigdy wcze\u015bniej nie sk\u0142ada\u0142am \u017cadnych wniosk\u00f3w do urz\u0119du i ba\u0142am si\u0119, \u017ce co\u015b zrobi\u0119 niezgodnie z wytycznymi. Ju\u017c po pierwszej rozmowie wszystkie moje w\u0105tpliwo\u015bci zosta\u0142y rozwiane. Ka\u017cdy etap by\u0142 dok\u0142adnie wyt\u0142umaczony, a kontakt z zespo\u0142em by\u0142 bardzo szybki i rzeczowy. Wniosek zosta\u0142 przygotowany starannie i bez poprawek zosta\u0142 przyj\u0119ty przez urz\u0105d. Jestem ogromnie wdzi\u0119czna, bo bez tej pomocy na pewno nie zdecydowa\u0142abym si\u0119 na start w\u0142asnej dzia\u0142alno\u015bci.\t\t\t\t\t\t\t<\/div>\n\t\t\t\t\t\t<\/div>\n\n\t\t\t\t\t\t<div class=\"test_thumb\">\n\t\t\t\t\t\t\t<img decoding=\"async\" src=\"https:\/\/skutecznywniosek.pl\/new\/wp-content\/uploads\/2026\/02\/opinie_kobieta_8-1.png\" alt=\"\">\n\t\t\t\t\t\t<\/div>\n\n\t\t\t\t\t\t<div class=\"testi_title\">\n\n\t\t\t\t\t\t\t<div class=\"reviews_rating\">\n\n\t\t\t\t\t\t\t\t\t\t\t\t\n\t\t\t\t\t\t\t\t\n\t\t\t\t\t\t\t\t\t\t\t\t\t\t\t\t\n\t\t\t\t\t\t\t\t\t\t\t\t\t\t\t\t\n\t\t\t\t\t\t\t\t\t\t\t\t\t\t\t\t\n\t\t\t\t\t\t\t\t\t\t\t\t\t\t\t<\/div><!-- .reviews_rating -->\n\n\t\t\t\t\t\t\t<h2>Zdobyta dotacja: <br>28 000 PLN<span>Anna Kaczmarek (Kosmetolog, \u0141\u00f3d\u017a)<\/span><\/h2>\n\t\t\t\t\t\t<\/div>\n\n\t\t\t\t\t<\/div>\n\t\t\t\t<\/div>\n\t\t\t\t\t\t\t\t<div class=\"col-md-12\">\t\n\n\t\t\t\t\t<div class=\"single_testimonial\">\n\t\t\t\t\t\t\t\t\t\t\t\t\t\n\t\t\t\t\t\t\n\t\t\t\t\t\t\t\t\t\t\t\t\t\n\t\t\t\t\t\t<div class=\"testi_content\">\n\t\t\t\t\t\t\t<div class=\"em_testi_text\">\n\t\t\t\t\t\t\t\tNajbardziej ba\u0142em si\u0119, \u017ce strac\u0119 wp\u0142acon\u0105 zaliczk\u0119 albo \u017ce wniosek zostanie odrzucony przez b\u0142\u0119dy formalne. W trakcie wsp\u00f3\u0142pracy wszystko by\u0142o bardzo jasno t\u0142umaczone, a kontakt mailowy \ni telefoniczny by\u0142 praktycznie od r\u0119ki. Umowa by\u0142a czytelna, a ca\u0142y proces uporz\u0105dkowany. \nW rzeczywisto\u015bci okaza\u0142o si\u0119, \u017ce wsp\u00f3\u0142praca przebieg\u0142a du\u017co sprawniej, ni\u017c si\u0119 spodziewa\u0142em, \na dotacja zosta\u0142a przyznana bez \u017cadnych problem\u00f3w.\n\t\t\t\t\t\t\t<\/div>\n\t\t\t\t\t\t<\/div>\n\n\t\t\t\t\t\t<div class=\"test_thumb\">\n\t\t\t\t\t\t\t<img decoding=\"async\" src=\"https:\/\/skutecznywniosek.pl\/new\/wp-content\/uploads\/2026\/02\/opinie_mezczyzna_9-1.png\" alt=\"\">\n\t\t\t\t\t\t<\/div>\n\n\t\t\t\t\t\t<div class=\"testi_title\">\n\n\t\t\t\t\t\t\t<div class=\"reviews_rating\">\n\n\t\t\t\t\t\t\t\t\t\t\t\t\n\t\t\t\t\t\t\t\t\n\t\t\t\t\t\t\t\t\t\t\t\t\t\t\t\t\n\t\t\t\t\t\t\t\t\t\t\t\t\t\t\t\t\n\t\t\t\t\t\t\t\t\t\t\t\t\t\t\t\t\n\t\t\t\t\t\t\t\t\t\t\t\t\t\t\t<\/div><!-- .reviews_rating -->\n\n\t\t\t\t\t\t\t<h2>Zdobyta dotacja:<br> 34 900 PLN<span>Micha\u0142 Pawlik (Fotograf, Krak\u00f3w)<\/span><\/h2>\n\t\t\t\t\t\t<\/div>\n\n\t\t\t\t\t<\/div>\n\t\t\t\t<\/div>\n\t\t\t\t\t\t\t<\/div>\n            <script>\n            \tjQuery(document).ready(function($) {\n            \t\t\"use strict\";\n            \t\t$('.testimonial_list').owlCarousel({\n            \t\tloop: true,\n            \t\tautoplay: false,\n            \t\tautoplayTimeout: 10000,\n            \t\tdots: true,\n            \t\tnav: false,\n            \t\tnavText: [\"<i class='flaticon-back-1'><\/i>\", \"<i class='fa fa-angle-right'><\/i>\"],\n            \t\tresponsive: {\n            \t\t\t0: {\n            \t\t\t\titems: 1\n            \t\t\t},\n            \t\t\t768: {\n            \t\t\t\titems: 2\n            \t\t\t},\n            \t\t\t992: {\n            \t\t\t\titems: 2\n            \t\t\t},\n            \t\t\t1000: {\n            \t\t\t\titems: 2\n            \t\t\t},\n            \t\t\t1920: {\n            \t\t\t\titems: 2,\n            \t\t\t}\n            \t\t}\n            \t})\n            \t});\n            <\/script>\t\t\t\n\t\t\n\t\t\t\t\t\t\t\t\t\n\t\t\t\t\t\t<\/div>\n\t\t\t\t<\/div>\n\t\t\t\t<div class=\"elementor-element elementor-element-50de629 elementor-widget elementor-widget-testimonial\" data-id=\"50de629\" data-element_type=\"widget\" data-widget_type=\"testimonial.default\">\n\t\t\t\t<div class=\"elementor-widget-container\">\n\t\t\t\t\t\t\t\n\n\n\n\t\t\n\t\t\t<div class=\"testimonial_list owl-carousel owl-loaded curosel-style owl-loaded owl-drag testimonial-style-three\">\n\n\t\t\t\t\t\t\t\t<div class=\"col-md-12\">\t\n\n\t\t\t\t\t<div class=\"single_testimonial\">\n\t\t\t\t\t\t\t\t\t\t\t\t\t\n\t\t\t\t\t\t\n\t\t\t\t\t\t\t\t\t\t\t\t\t\n\t\t\t\t\t\t<div class=\"testi_content\">\n\t\t\t\t\t\t\t<div class=\"em_testi_text\">\n\t\t\t\t\t\t\t\tM\u00f3j przypadek by\u0142 do\u015b\u0107 skomplikowany, poniewa\u017c w trakcie przygotowywania wniosku zmieni\u0142 si\u0119 urz\u0105d, do kt\u00f3rego musia\u0142am go z\u0142o\u017cy\u0107. Obawia\u0142am si\u0119, \u017ce to wszystko op\u00f3\u017ani lub uniemo\u017cliwi uzyskanie dotacji. Ku mojemu zaskoczeniu wszystkie dokumenty zosta\u0142y szybko dostosowane do nowych wymaga\u0144. Ca\u0142y czas mog\u0142am liczy\u0107 na bie\u017c\u0105ce informacje i wsparcie. Ostatecznie dotacja zosta\u0142a przyznana, jestem bardzo wdzi\u0119czna za pomoc \t\t\t\t\t\t\t<\/div>\n\t\t\t\t\t\t<\/div>\n\n\t\t\t\t\t\t<div class=\"test_thumb\">\n\t\t\t\t\t\t\t<img decoding=\"async\" src=\"https:\/\/skutecznywniosek.pl\/new\/wp-content\/uploads\/2026\/02\/opinie_kobieta_7-1.png\" alt=\"\">\n\t\t\t\t\t\t<\/div>\n\n\t\t\t\t\t\t<div class=\"testi_title\">\n\n\t\t\t\t\t\t\t<div class=\"reviews_rating\">\n\n\t\t\t\t\t\t\t\t\t\t\t\t\n\t\t\t\t\t\t\t\t\n\t\t\t\t\t\t\t\t\t\t\t\t\t\t\t\t\n\t\t\t\t\t\t\t\t\t\t\t\t\t\t\t\t\n\t\t\t\t\t\t\t\t\t\t\t\t\t\t\t\t\n\t\t\t\t\t\t\t\t\t\t\t\t\t\t\t<\/div><!-- .reviews_rating -->\n\n\t\t\t\t\t\t\t<h2>Zdobyta dotacja:<br> 33 860 PLN<span>Karolina Lewandowska (W\u0142a\u015bcicielka kawiarni, Wrze\u015bnia)<\/span><\/h2>\n\t\t\t\t\t\t<\/div>\n\n\t\t\t\t\t<\/div>\n\t\t\t\t<\/div>\n\t\t\t\t\t\t\t\t<div class=\"col-md-12\">\t\n\n\t\t\t\t\t<div class=\"single_testimonial\">\n\t\t\t\t\t\t\t\t\t\t\t\t\t\n\t\t\t\t\t\t\n\t\t\t\t\t\t\t\t\t\t\t\t\t\n\t\t\t\t\t\t<div class=\"testi_content\">\n\t\t\t\t\t\t\t<div class=\"em_testi_text\">\n\t\t\t\t\t\t\t\tWsp\u00f3\u0142praca od samego pocz\u0105tku by\u0142a bardzo dobrze zorganizowana. Otrzymywa\u0142am jasne informacje na temat kolejnych etap\u00f3w oraz kompletne wskaz\u00f3wki dotycz\u0105ce dokument\u00f3w i planowanych wydatk\u00f3w. Wszystkie materia\u0142y zosta\u0142y przygotowane rzetelnie i zgodnie z wymaganiami urz\u0119du. Doceniam profesjonalizm, terminowo\u015b\u0107 oraz sta\u0142y kontakt. Dzi\u0119ki temu ca\u0142y proces przebieg\u0142 sprawnie, a dotacja zosta\u0142a przyznana.\t\t\t\t\t\t\t<\/div>\n\t\t\t\t\t\t<\/div>\n\n\t\t\t\t\t\t<div class=\"test_thumb\">\n\t\t\t\t\t\t\t<img decoding=\"async\" src=\"https:\/\/skutecznywniosek.pl\/new\/wp-content\/uploads\/2026\/02\/opinie_kobieta_5-1.png\" alt=\"\">\n\t\t\t\t\t\t<\/div>\n\n\t\t\t\t\t\t<div class=\"testi_title\">\n\n\t\t\t\t\t\t\t<div class=\"reviews_rating\">\n\n\t\t\t\t\t\t\t\t\t\t\t\t\n\t\t\t\t\t\t\t\t\n\t\t\t\t\t\t\t\t\t\t\t\t\t\t\t\t\n\t\t\t\t\t\t\t\t\t\t\t\t\t\t\t\t\n\t\t\t\t\t\t\t\t\t\t\t\t\t\t\t\t\n\t\t\t\t\t\t\t\t\t\t\t\t\t\t\t<\/div><!-- .reviews_rating -->\n\n\t\t\t\t\t\t\t<h2>Zdobyta dotacja:<br> 31 000 PLN<span>Aleksandra W\u00f3jcik (Dietetyk, Warszawa)<\/span><\/h2>\n\t\t\t\t\t\t<\/div>\n\n\t\t\t\t\t<\/div>\n\t\t\t\t<\/div>\n\t\t\t\t\t\t\t<\/div>\n            <script>\n            \tjQuery(document).ready(function($) {\n            \t\t\"use strict\";\n            \t\t$('.testimonial_list').owlCarousel({\n            \t\tloop: true,\n            \t\tautoplay: false,\n            \t\tautoplayTimeout: 10000,\n            \t\tdots: true,\n            \t\tnav: false,\n            \t\tnavText: [\"<i class='flaticon-back-1'><\/i>\", \"<i class='fa fa-angle-right'><\/i>\"],\n            \t\tresponsive: {\n            \t\t\t0: {\n            \t\t\t\titems: 1\n            \t\t\t},\n            \t\t\t768: {\n            \t\t\t\titems: 2\n            \t\t\t},\n            \t\t\t992: {\n            \t\t\t\titems: 2\n            \t\t\t},\n            \t\t\t1000: {\n            \t\t\t\titems: 2\n            \t\t\t},\n            \t\t\t1920: {\n            \t\t\t\titems: 2,\n            \t\t\t}\n            \t\t}\n            \t})\n            \t});\n            <\/script>\t\t\t\n\t\t\n\t\t\t\t\t\t\t\t\t\n\t\t\t\t\t\t<\/div>\n\t\t\t\t<\/div>\n\t\t\t\t<div class=\"elementor-element elementor-element-ef30ccd elementor-widget elementor-widget-testimonial\" data-id=\"ef30ccd\" data-element_type=\"widget\" data-widget_type=\"testimonial.default\">\n\t\t\t\t<div class=\"elementor-widget-container\">\n\t\t\t\t\t\t\t\n\n\n\n\t\t\n\t\t\t<div class=\"testimonial_list owl-carousel owl-loaded curosel-style owl-loaded owl-drag testimonial-style-three\">\n\n\t\t\t\t\t\t\t\t<div class=\"col-md-12\">\t\n\n\t\t\t\t\t<div class=\"single_testimonial\">\n\t\t\t\t\t\t\t\t\t\t\t\t\t\n\t\t\t\t\t\t\n\t\t\t\t\t\t\t\t\t\t\t\t\t\n\t\t\t\t\t\t<div class=\"testi_content\">\n\t\t\t\t\t\t\t<div class=\"em_testi_text\">\n\t\t\t\t\t\t\t\tNajbardziej stresowa\u0142 mnie kontakt z urz\u0119dem i ewentualne pytania z ich strony. Dzi\u0119ki sta\u0142emu kontaktowi mailowemu i telefonicznemu czu\u0142am, \u017ce nie zostaj\u0119 z tym sama. Ka\u017cda w\u0105tpliwo\u015b\u0107 by\u0142a szybko wyja\u015bniana, a dokumenty przygotowane w bardzo przemy\u015blany spos\u00f3b. Ca\u0142y proces przebieg\u0142 spokojnie i bez nerw\u00f3w.\t\t\t\t\t\t\t<\/div>\n\t\t\t\t\t\t<\/div>\n\n\t\t\t\t\t\t<div class=\"test_thumb\">\n\t\t\t\t\t\t\t<img decoding=\"async\" src=\"https:\/\/skutecznywniosek.pl\/new\/wp-content\/uploads\/2026\/02\/opinie_kobieta_2-1.png\" alt=\"\">\n\t\t\t\t\t\t<\/div>\n\n\t\t\t\t\t\t<div class=\"testi_title\">\n\n\t\t\t\t\t\t\t<div class=\"reviews_rating\">\n\n\t\t\t\t\t\t\t\t\t\t\t\t\n\t\t\t\t\t\t\t\t\n\t\t\t\t\t\t\t\t\t\t\t\t\t\t\t\t\n\t\t\t\t\t\t\t\t\t\t\t\t\t\t\t\t\n\t\t\t\t\t\t\t\t\t\t\t\t\t\t\t\t\n\t\t\t\t\t\t\t\t\t\t\t\t\t\t\t<\/div><!-- .reviews_rating -->\n\n\t\t\t\t\t\t\t<h2>Zdobyta dotacja:<br> 29 500 PLN<span>Monika Zieli\u0144ska (Fryzjerka, Toru\u0144)<\/span><\/h2>\n\t\t\t\t\t\t<\/div>\n\n\t\t\t\t\t<\/div>\n\t\t\t\t<\/div>\n\t\t\t\t\t\t\t\t<div class=\"col-md-12\">\t\n\n\t\t\t\t\t<div class=\"single_testimonial\">\n\t\t\t\t\t\t\t\t\t\t\t\t\t\n\t\t\t\t\t\t\n\t\t\t\t\t\t\t\t\t\t\t\t\t\n\t\t\t\t\t\t<div class=\"testi_content\">\n\t\t\t\t\t\t\t<div class=\"em_testi_text\">\n\t\t\t\t\t\t\t\tDokumenty zosta\u0142y przygotowane bardzo starannie i w spos\u00f3b uporz\u0105dkowany. Na ka\u017cdym etapie wsp\u00f3\u0142pracy mia\u0142em jasno\u015b\u0107 co do dalszych krok\u00f3w oraz wymaganych informacji. Zesp\u00f3\u0142 wykaza\u0142 si\u0119 du\u017c\u0105 wiedz\u0105 i do\u015bwiadczeniem w zakresie wniosk\u00f3w do urz\u0119du pracy. Ca\u0142y proces przebieg\u0142 sprawnie i zako\u0144czy\u0142 si\u0119 uzyskaniem dofinansowania.\t\t\t\t\t\t\t<\/div>\n\t\t\t\t\t\t<\/div>\n\n\t\t\t\t\t\t<div class=\"test_thumb\">\n\t\t\t\t\t\t\t<img decoding=\"async\" src=\"https:\/\/skutecznywniosek.pl\/new\/wp-content\/uploads\/2026\/02\/opinie_mezczyzna_3-1.png\" alt=\"\">\n\t\t\t\t\t\t<\/div>\n\n\t\t\t\t\t\t<div class=\"testi_title\">\n\n\t\t\t\t\t\t\t<div class=\"reviews_rating\">\n\n\t\t\t\t\t\t\t\t\t\t\t\t\n\t\t\t\t\t\t\t\t\n\t\t\t\t\t\t\t\t\t\t\t\t\t\t\t\t\n\t\t\t\t\t\t\t\t\t\t\t\t\t\t\t\t\n\t\t\t\t\t\t\t\t\t\t\t\t\t\t\t\t\n\t\t\t\t\t\t\t\t\t\t\t\t\t\t\t<\/div><!-- .reviews_rating -->\n\n\t\t\t\t\t\t\t<h2>Zdobyta dotacja:<br> 27 000 PLN<span>Piotr Maj (Stolarz, Olsztyn)<\/span><\/h2>\n\t\t\t\t\t\t<\/div>\n\n\t\t\t\t\t<\/div>\n\t\t\t\t<\/div>\n\t\t\t\t\t\t\t<\/div>\n            <script>\n            \tjQuery(document).ready(function($) {\n            \t\t\"use strict\";\n            \t\t$('.testimonial_list').owlCarousel({\n            \t\tloop: true,\n            \t\tautoplay: false,\n            \t\tautoplayTimeout: 10000,\n            \t\tdots: true,\n            \t\tnav: false,\n            \t\tnavText: [\"<i class='flaticon-back-1'><\/i>\", \"<i class='fa fa-angle-right'><\/i>\"],\n            \t\tresponsive: {\n            \t\t\t0: {\n            \t\t\t\titems: 1\n            \t\t\t},\n            \t\t\t768: {\n            \t\t\t\titems: 2\n            \t\t\t},\n            \t\t\t992: {\n            \t\t\t\titems: 2\n            \t\t\t},\n            \t\t\t1000: {\n            \t\t\t\titems: 2\n            \t\t\t},\n            \t\t\t1920: {\n            \t\t\t\titems: 2,\n            \t\t\t}\n            \t\t}\n            \t})\n            \t});\n            <\/script>\t\t\t\n\t\t\n\t\t\t\t\t\t\t\t\t\n\t\t\t\t\t\t<\/div>\n\t\t\t\t<\/div>\n\t\t\t\t<div class=\"elementor-element elementor-element-a681a9f elementor-widget elementor-widget-testimonial\" data-id=\"a681a9f\" data-element_type=\"widget\" data-widget_type=\"testimonial.default\">\n\t\t\t\t<div class=\"elementor-widget-container\">\n\t\t\t\t\t\t\t\n\n\n\n\t\t\n\t\t\t<div class=\"testimonial_list owl-carousel owl-loaded curosel-style owl-loaded owl-drag testimonial-style-three\">\n\n\t\t\t\t\t\t\t\t<div class=\"col-md-12\">\t\n\n\t\t\t\t\t<div class=\"single_testimonial\">\n\t\t\t\t\t\t\t\t\t\t\t\t\t\n\t\t\t\t\t\t\n\t\t\t\t\t\t\t\t\t\t\t\t\t\n\t\t\t\t\t\t<div class=\"testi_content\">\n\t\t\t\t\t\t\t<div class=\"em_testi_text\">\n\t\t\t\t\t\t\t\tDecyduj\u0105c si\u0119 na dotacj\u0119 kompletnie nie wiedzia\u0142am, od czego zacz\u0105\u0107 i jakie wydatki mog\u0119 uj\u0105\u0107 we wniosku. Ba\u0142am si\u0119, \u017ce \u017ale zaplanuj\u0119 bud\u017cet i urz\u0105d to zakwestionuje. Zesp\u00f3\u0142 pom\u00f3g\u0142 mi dobra\u0107 odpowiednie zakupy i wszystko logicznie uzasadni\u0107 w biznesplanie. Dokumenty by\u0142y przygotowane bardzo dok\u0142adnie i na czas. Dzi\u0119ki temu ca\u0142y proces by\u0142 dla mnie du\u017co mniej stresuj\u0105cy.\t\t\t\t\t\t\t<\/div>\n\t\t\t\t\t\t<\/div>\n\n\t\t\t\t\t\t<div class=\"test_thumb\">\n\t\t\t\t\t\t\t<img decoding=\"async\" src=\"https:\/\/skutecznywniosek.pl\/new\/wp-content\/uploads\/2026\/02\/opinie_kobieta_1-1.png\" alt=\"\">\n\t\t\t\t\t\t<\/div>\n\n\t\t\t\t\t\t<div class=\"testi_title\">\n\n\t\t\t\t\t\t\t<div class=\"reviews_rating\">\n\n\t\t\t\t\t\t\t\t\t\t\t\t\n\t\t\t\t\t\t\t\t\n\t\t\t\t\t\t\t\t\t\t\t\t\t\t\t\t\n\t\t\t\t\t\t\t\t\t\t\t\t\t\t\t\t\n\t\t\t\t\t\t\t\t\t\t\t\t\t\t\t\t\n\t\t\t\t\t\t\t\t\t\t\t\t\t\t\t<\/div><!-- .reviews_rating -->\n\n\t\t\t\t\t\t\t<h2>Zdobyta dotacja:<br> 30 000 PLN<span>Katarzyna Nowak (Projektantka wn\u0119trz, Pozna\u0144)<\/span><\/h2>\n\t\t\t\t\t\t<\/div>\n\n\t\t\t\t\t<\/div>\n\t\t\t\t<\/div>\n\t\t\t\t\t\t\t\t<div class=\"col-md-12\">\t\n\n\t\t\t\t\t<div class=\"single_testimonial\">\n\t\t\t\t\t\t\t\t\t\t\t\t\t\n\t\t\t\t\t\t\n\t\t\t\t\t\t\t\t\t\t\t\t\t\n\t\t\t\t\t\t<div class=\"testi_content\">\n\t\t\t\t\t\t\t<div class=\"em_testi_text\">\n\t\t\t\t\t\t\t\tBa\u0142em si\u0119, \u017ce m\u00f3j pomys\u0142 na dzia\u0142alno\u015b\u0107 zostanie uznany za zbyt ryzykowny i nie spe\u0142ni wymaga\u0144 urz\u0119du. Podczas wsp\u00f3\u0142pracy pomys\u0142 zosta\u0142 odpowiednio dopracowany i przedstawiony w biznesplanie w spos\u00f3b bardzo logiczny i rzeczowy. Dzi\u0119ki temu urz\u0105d nie mia\u0142 \u017cadnych zastrze\u017ce\u0144, a dotacja zosta\u0142a przyznana w pe\u0142nej kwocie.\t\t\t\t\t\t\t<\/div>\n\t\t\t\t\t\t<\/div>\n\n\t\t\t\t\t\t<div class=\"test_thumb\">\n\t\t\t\t\t\t\t<img decoding=\"async\" src=\"https:\/\/skutecznywniosek.pl\/new\/wp-content\/uploads\/2026\/02\/opinie_mezczyzna_4-1.png\" alt=\"\">\n\t\t\t\t\t\t<\/div>\n\n\t\t\t\t\t\t<div class=\"testi_title\">\n\n\t\t\t\t\t\t\t<div class=\"reviews_rating\">\n\n\t\t\t\t\t\t\t\t\t\t\t\t\n\t\t\t\t\t\t\t\t\n\t\t\t\t\t\t\t\t\t\t\t\t\t\t\t\t\n\t\t\t\t\t\t\t\t\t\t\t\t\t\t\t\t\n\t\t\t\t\t\t\t\t\t\t\t\t\t\t\t\t\n\t\t\t\t\t\t\t\t\t\t\t\t\t\t\t<\/div><!-- .reviews_rating -->\n\n\t\t\t\t\t\t\t<h2>Zdobyta dotacja:<br> 35 000 PLN<span>Tomasz Kr\u00f3l (Mechanik, Rzesz\u00f3w)<\/span><\/h2>\n\t\t\t\t\t\t<\/div>\n\n\t\t\t\t\t<\/div>\n\t\t\t\t<\/div>\n\t\t\t\t\t\t\t<\/div>\n            <script>\n            \tjQuery(document).ready(function($) {\n            \t\t\"use strict\";\n            \t\t$('.testimonial_list').owlCarousel({\n            \t\tloop: true,\n            \t\tautoplay: false,\n            \t\tautoplayTimeout: 10000,\n            \t\tdots: true,\n            \t\tnav: false,\n            \t\tnavText: [\"<i class='flaticon-back-1'><\/i>\", \"<i class='fa fa-angle-right'><\/i>\"],\n            \t\tresponsive: {\n            \t\t\t0: {\n            \t\t\t\titems: 1\n            \t\t\t},\n            \t\t\t768: {\n            \t\t\t\titems: 2\n            \t\t\t},\n            \t\t\t992: {\n            \t\t\t\titems: 2\n            \t\t\t},\n            \t\t\t1000: {\n            \t\t\t\titems: 2\n            \t\t\t},\n            \t\t\t1920: {\n            \t\t\t\titems: 2,\n            \t\t\t}\n            \t\t}\n            \t})\n            \t});\n            <\/script>\t\t\t\n\t\t\n\t\t\t\t\t\t\t\t\t\n\t\t\t\t\t\t<\/div>\n\t\t\t\t<\/div>\n\t\t\t\t\t<\/div>\n\t\t<\/div>\n\t\t\t\t\t<\/div>\n\t\t<\/section>\n\t\t\t\t<\/div>\n\t\t","protected":false},"excerpt":{"rendered":"<p>Co m\u00f3wi\u0105 o nas klienci? Zobacz, jak wygl\u0105da\u0142a wsp\u00f3\u0142praca z osobami, kt\u00f3re dzi\u0119ki naszej pomocy uzyska\u0142y dotacj\u0119 z Urz\u0119du Pracy. Na pocz\u0105tku bardzo obawia\u0142am si\u0119 ca\u0142ego procesu \u2013 nigdy wcze\u015bniej nie sk\u0142ada\u0142am \u017cadnych wniosk\u00f3w do urz\u0119du i ba\u0142am si\u0119, \u017ce co\u015b zrobi\u0119 niezgodnie z wytycznymi. Ju\u017c po pierwszej rozmowie wszystkie moje w\u0105tpliwo\u015bci zosta\u0142y rozwiane. Ka\u017cdy [&hellip;]<\/p>\n","protected":false},"author":1,"featured_media":0,"parent":0,"menu_order":0,"comment_status":"closed","ping_status":"closed","template":"page-templates\/template-default.php","meta":{"footnotes":""},"class_list":["post-4268","page","type-page","status-publish","hentry"],"_links":{"self":[{"href":"https:\/\/skutecznywniosek.pl\/new\/wp-json\/wp\/v2\/pages\/4268","targetHints":{"allow":["GET"]}}],"collection":[{"href":"https:\/\/skutecznywniosek.pl\/new\/wp-json\/wp\/v2\/pages"}],"about":[{"href":"https:\/\/skutecznywniosek.pl\/new\/wp-json\/wp\/v2\/types\/page"}],"author":[{"embeddable":true,"href":"https:\/\/skutecznywniosek.pl\/new\/wp-json\/wp\/v2\/users\/1"}],"replies":[{"embeddable":true,"href":"https:\/\/skutecznywniosek.pl\/new\/wp-json\/wp\/v2\/comments?post=4268"}],"version-history":[{"count":74,"href":"https:\/\/skutecznywniosek.pl\/new\/wp-json\/wp\/v2\/pages\/4268\/revisions"}],"predecessor-version":[{"id":4885,"href":"https:\/\/skutecznywniosek.pl\/new\/wp-json\/wp\/v2\/pages\/4268\/revisions\/4885"}],"wp:attachment":[{"href":"https:\/\/skutecznywniosek.pl\/new\/wp-json\/wp\/v2\/media?parent=4268"}],"curies":[{"name":"wp","href":"https:\/\/api.w.org\/{rel}","templated":true}]}}